{"id":38,"date":"2017-03-07T11:46:10","date_gmt":"2017-03-07T10:46:10","guid":{"rendered":"http:\/\/www.lebioley.com\/savoie\/?page_id=38"},"modified":"2021-01-29T15:43:05","modified_gmt":"2021-01-29T14:43:05","slug":"chalet-le-bellecote","status":"publish","type":"page","link":"https:\/\/www.lebioley.com\/savoie\/locations\/chalet-le-bellecote\/","title":{"rendered":"Location Chalet Le Bellec\u00f4te"},"content":{"rendered":"<h5 style=\"text-align: center;\">Votre\u00a0chalet en balcon<\/h5>\n<p><a href=\"http:\/\/www.lebioley.com\/savoie\/wp-content\/uploads\/2017\/03\/plan-chalet-bellecote.jpg\"><img loading=\"lazy\" decoding=\"async\" class=\"alignright wp-image-583 size-medium\" style=\"margin: 0 0 0 1.75em;\" src=\"http:\/\/www.lebioley.com\/savoie\/wp-content\/uploads\/2017\/03\/plan-chalet-bellecote-243x300.jpg\" alt=\"Plan Chalet Le Bellec\u00f4te\" width=\"243\" height=\"300\" srcset=\"https:\/\/www.lebioley.com\/savoie\/wp-content\/uploads\/2017\/03\/plan-chalet-bellecote-243x300.jpg 243w, https:\/\/www.lebioley.com\/savoie\/wp-content\/uploads\/2017\/03\/plan-chalet-bellecote.jpg 567w\" sizes=\"(max-width: 243px) 85vw, 243px\" \/><\/a>Comme tous nos <strong>chalets en location<\/strong>,<strong> le Bellec\u00f4te<\/strong> est <strong>un chalet en bois<\/strong>\u00a0de <strong>construction\u00a0artisanale<\/strong>.<\/p>\n<p>Avec ses 35m\u00b2, ses <strong>deux chambres<\/strong>, sa <strong>cuisine enti\u00e8rement \u00e9quip\u00e9e<\/strong>, son <strong>grand s\u00e9jour\/cuisine<\/strong> qui se prolonge par une <strong>terrasse orient\u00e9e plein sud<\/strong> avec une <strong>vue panoramique sur La Plagne<\/strong> et les montagnes environnantes, il ne manquera pas de vous s\u00e9duire.<\/p>\n<p>Face au <strong>sommet de Bellec\u00f4te<\/strong> qui\u00a0culmine \u00e0 <strong>3 417 m<\/strong> notre chalet vous apportera <strong>confort<\/strong> et <strong>tranquillit\u00e9<\/strong>.<\/p>\n<p><a href=\"https:\/\/www.lebioley.com\/savoie\/contact\/\">Contactez-nous<\/a> pour r\u00e9servez votre <strong>chalet en location<\/strong>.<\/p>\n<p>Vous pourrez profiter en toute qui\u00e9tude d\u2019un <strong>panorama exceptionnel<\/strong> et de la convivialit\u00e9 d\u2019un <a href=\"https:\/\/www.lebioley.com\/savoie\/le-camping\/les-emplacements\/\">camping<\/a> familial, <strong>en \u00e9t\u00e9 comme en hiver<\/strong>.<\/p>\n","protected":false},"excerpt":{"rendered":"<p>Votre\u00a0chalet en balcon Comme tous nos chalets en location, le Bellec\u00f4te est un chalet en bois\u00a0de construction\u00a0artisanale. Avec ses 35m\u00b2, ses deux chambres, sa cuisine enti\u00e8rement \u00e9quip\u00e9e, son grand s\u00e9jour\/cuisine qui se prolonge par une terrasse orient\u00e9e plein sud avec une vue panoramique sur La Plagne et les montagnes environnantes, il ne manquera pas de &hellip; <a href=\"https:\/\/www.lebioley.com\/savoie\/locations\/chalet-le-bellecote\/\" class=\"more-link\">Continuer la lecture<span class=\"screen-reader-text\"> de &laquo;&nbsp;Location Chalet Le Bellec\u00f4te&nbsp;&raquo;<\/span><\/a><\/p>\n","protected":false},"author":5,"featured_media":0,"parent":8,"menu_order":2,"comment_status":"closed","ping_status":"closed","template":"","meta":{"_acf_changed":false,"footnotes":"","_links_to":"","_links_to_target":""},"acf":[],"aioseo_notices":[],"_links":{"self":[{"href":"https:\/\/www.lebioley.com\/savoie\/wp-json\/wp\/v2\/pages\/38"}],"collection":[{"href":"https:\/\/www.lebioley.com\/savoie\/wp-json\/wp\/v2\/pages"}],"about":[{"href":"https:\/\/www.lebioley.com\/savoie\/wp-json\/wp\/v2\/types\/page"}],"author":[{"embeddable":true,"href":"https:\/\/www.lebioley.com\/savoie\/wp-json\/wp\/v2\/users\/5"}],"replies":[{"embeddable":true,"href":"https:\/\/www.lebioley.com\/savoie\/wp-json\/wp\/v2\/comments?post=38"}],"version-history":[{"count":19,"href":"https:\/\/www.lebioley.com\/savoie\/wp-json\/wp\/v2\/pages\/38\/revisions"}],"predecessor-version":[{"id":1017,"href":"https:\/\/www.lebioley.com\/savoie\/wp-json\/wp\/v2\/pages\/38\/revisions\/1017"}],"up":[{"embeddable":true,"href":"https:\/\/www.lebioley.com\/savoie\/wp-json\/wp\/v2\/pages\/8"}],"wp:attachment":[{"href":"https:\/\/www.lebioley.com\/savoie\/wp-json\/wp\/v2\/media?parent=38"}],"curies":[{"name":"wp","href":"https:\/\/api.w.org\/{rel}","templated":true}]}}

Location Chalet Le Bellecôte

<h5 style="text-align: center;">Votre chalet en balcon</h5>
<p><a href="http://www.lebioley.com/savoie/wp-content/uploads/2017/03/plan-chalet-bellecote.jpg"><img loading="lazy" decoding="async" class="alignright wp-image-583 size-medium" style="margin: 0 0 0 1.75em;" src="http://www.lebioley.com/savoie/wp-content/uploads/2017/03/plan-chalet-bellecote-243x300.jpg" alt="Plan Chalet Le Bellecôte" width="243" height="300" srcset="https://www.lebioley.com/savoie/wp-content/uploads/2017/03/plan-chalet-bellecote-243x300.jpg 243w, https://www.lebioley.com/savoie/wp-content/uploads/2017/03/plan-chalet-bellecote.jpg 567w" sizes="(max-width: 243px) 85vw, 243px" /></a>Comme tous nos <strong>chalets en location</strong>,<strong> le Bellecôte</strong> est <strong>un chalet en bois</strong> de <strong>construction artisanale</strong>.</p>
<p>Avec ses 35m², ses <strong>deux chambres</strong>, sa <strong>cuisine entièrement équipée</strong>, son <strong>grand séjour/cuisine</strong> qui se prolonge par une <strong>terrasse orientée plein sud</strong> avec une <strong>vue panoramique sur La Plagne</strong> et les montagnes environnantes, il ne manquera pas de vous séduire.</p>
<p>Face au <strong>sommet de Bellecôte</strong> qui culmine à <strong>3 417 m</strong> notre chalet vous apportera <strong>confort</strong> et <strong>tranquillité</strong>.</p>
<p><a href="https://www.lebioley.com/savoie/contact/">Contactez-nous</a> pour réservez votre <strong>chalet en location</strong>.</p>
<p>Vous pourrez profiter en toute quiétude d’un <strong>panorama exceptionnel</strong> et de la convivialité d’un <a href="https://www.lebioley.com/savoie/le-camping/les-emplacements/">camping</a> familial, <strong>en été comme en hiver</strong>.</p>

<p>Votre chalet en balcon Comme tous nos chalets en location, le Bellecôte est un chalet en bois de construction artisanale. Avec ses 35m², ses deux chambres, sa cuisine entièrement équipée, son grand séjour/cuisine qui se prolonge par une terrasse orientée plein sud avec une vue panoramique sur La Plagne et les montagnes environnantes, il ne manquera pas de &hellip; <a href="https://www.lebioley.com/savoie/locations/chalet-le-bellecote/" class="more-link">Continuer la lecture<span class="screen-reader-text"> de &laquo;&nbsp;Location Chalet Le Bellecôte&nbsp;&raquo;</span></a></p>
